[INFO] cloning repository https://github.com/CarsonFoster/fim
[INFO] running `Command { std: "git" "-c" "credential.helper=" "-c" "credential.helper=/workspace/cargo-home/bin/git-credential-null" "clone" "--bare" "https://github.com/CarsonFoster/fim" "/workspace/cache/git-repos/https%3A%2F%2Fgithub.com%2FCarsonFoster%2Ffim", kill_on_drop: false }`
[INFO] [stderr] Cloning into bare repository '/workspace/cache/git-repos/https%3A%2F%2Fgithub.com%2FCarsonFoster%2Ffim'...
[INFO] running `Command { std: "git" "rev-parse" "HEAD", kill_on_drop: false }`
[INFO] [stdout] 26174a1263f1938824200a6206f166fca0d1f449
[INFO] checking CarsonFoster/fim against master#9610dfe5a9a731ced1ea4923ecbd0c57fe367898 for beta-170-4
[INFO] running `Command { std: "git" "clone" "/workspace/cache/git-repos/https%3A%2F%2Fgithub.com%2FCarsonFoster%2Ffim" "/workspace/builds/worker-6-tc1/source", kill_on_drop: false }`
[INFO] [stderr] Cloning into '/workspace/builds/worker-6-tc1/source'...
[INFO] [stderr] done.
[INFO] validating manifest of git repo https://github.com/CarsonFoster/fim on toolchain 9610dfe5a9a731ced1ea4923ecbd0c57fe367898
[INFO] running `Command { std: CARGO_HOME="/workspace/cargo-home" RUSTUP_HOME="/workspace/rustup-home" "/workspace/cargo-home/bin/cargo" "+9610dfe5a9a731ced1ea4923ecbd0c57fe367898" "metadata" "--manifest-path" "Cargo.toml" "--no-deps", kill_on_drop: false }`
[INFO] started tweaking git repo https://github.com/CarsonFoster/fim
[INFO] finished tweaking git repo https://github.com/CarsonFoster/fim
[INFO] tweaked toml for git repo https://github.com/CarsonFoster/fim written to /workspace/builds/worker-6-tc1/source/Cargo.toml
[INFO] crate git repo https://github.com/CarsonFoster/fim already has a lockfile, it will not be regenerated
[INFO] running `Command { std: CARGO_HOME="/workspace/cargo-home" RUSTUP_HOME="/workspace/rustup-home" "/workspace/cargo-home/bin/cargo" "+9610dfe5a9a731ced1ea4923ecbd0c57fe367898" "fetch" "--manifest-path" "Cargo.toml", kill_on_drop: false }`
[INFO] [stderr]  Downloading crates ...
[INFO] [stderr]   Downloaded crossterm v0.23.1
[INFO] [stderr]   Downloaded proc-macro2 v1.0.38
[INFO] [stderr]   Downloaded syn v1.0.94
[INFO] running `Command { std: "docker" "create" "-v" "/var/lib/crater-agent-workspace/builds/worker-6-tc1/target:/opt/rustwide/target:rw,Z" "-v" "/var/lib/crater-agent-workspace/builds/worker-6-tc1/source:/opt/rustwide/workdir:ro,Z" "-v" "/var/lib/crater-agent-workspace/cargo-home:/opt/rustwide/cargo-home:ro,Z" "-v" "/var/lib/crater-agent-workspace/rustup-home:/opt/rustwide/rustup-home:ro,Z" "-e" "SOURCE_DIR=/opt/rustwide/workdir" "-e" "CARGO_TARGET_DIR=/opt/rustwide/target" "-e" "CARGO_HOME=/opt/rustwide/cargo-home" "-e" "RUSTUP_HOME=/opt/rustwide/rustup-home" "-w" "/opt/rustwide/workdir" "-m" "1610612736" "--user" "0:0" "--network" "none" "ghcr.io/rust-lang/crates-build-env/linux@sha256:19e73879b68f455e41552ea35293514db52ea292d993f571636dbffedb77a1ee" "/opt/rustwide/cargo-home/bin/cargo" "+9610dfe5a9a731ced1ea4923ecbd0c57fe367898" "metadata" "--no-deps" "--format-version=1", kill_on_drop: false }`
[INFO] [stdout] 0c748e332f79d5fa01d60f10f1206695fae33c0ad2363f57f86a4df7d129be23
[INFO] running `Command { std: "docker" "start" "-a" "0c748e332f79d5fa01d60f10f1206695fae33c0ad2363f57f86a4df7d129be23", kill_on_drop: false }`
[INFO] running `Command { std: "docker" "inspect" "0c748e332f79d5fa01d60f10f1206695fae33c0ad2363f57f86a4df7d129be23", kill_on_drop: false }`
[INFO] running `Command { std: "docker" "rm" "-f" "0c748e332f79d5fa01d60f10f1206695fae33c0ad2363f57f86a4df7d129be23", kill_on_drop: false }`
[INFO] [stdout] 0c748e332f79d5fa01d60f10f1206695fae33c0ad2363f57f86a4df7d129be23
[INFO] running `Command { std: "docker" "create" "-v" "/var/lib/crater-agent-workspace/builds/worker-6-tc1/target:/opt/rustwide/target:rw,Z" "-v" "/var/lib/crater-agent-workspace/builds/worker-6-tc1/source:/opt/rustwide/workdir:ro,Z" "-v" "/var/lib/crater-agent-workspace/cargo-home:/opt/rustwide/cargo-home:ro,Z" "-v" "/var/lib/crater-agent-workspace/rustup-home:/opt/rustwide/rustup-home:ro,Z" "-e" "SOURCE_DIR=/opt/rustwide/workdir" "-e" "CARGO_TARGET_DIR=/opt/rustwide/target" "-e" "CARGO_INCREMENTAL=0" "-e" "RUST_BACKTRACE=full" "-e" "RUSTFLAGS=--cap-lints=forbid" "-e" "RUSTDOCFLAGS=--cap-lints=forbid" "-e" "CARGO_HOME=/opt/rustwide/cargo-home" "-e" "RUSTUP_HOME=/opt/rustwide/rustup-home" "-w" "/opt/rustwide/workdir" "-m" "1610612736" "--user" "0:0" "--network" "none" "ghcr.io/rust-lang/crates-build-env/linux@sha256:19e73879b68f455e41552ea35293514db52ea292d993f571636dbffedb77a1ee" "/opt/rustwide/cargo-home/bin/cargo" "+9610dfe5a9a731ced1ea4923ecbd0c57fe367898" "check" "--frozen" "--all" "--all-targets" "--message-format=json", kill_on_drop: false }`
[INFO] [stdout] 83df4454c4ffeb48a786a0cfbc9fab2da4c1dbd79a16cbec2b7e5f0163ad4a64
[INFO] running `Command { std: "docker" "start" "-a" "83df4454c4ffeb48a786a0cfbc9fab2da4c1dbd79a16cbec2b7e5f0163ad4a64", kill_on_drop: false }`
[INFO] [stderr]    Compiling proc-macro2 v1.0.38
[INFO] [stderr]    Compiling syn v1.0.94
[INFO] [stderr]    Compiling signal-hook v0.3.13
[INFO] [stderr]    Compiling parking_lot_core v0.9.1
[INFO] [stderr]    Compiling indexmap v1.8.1
[INFO] [stderr]     Checking lock_api v0.4.6
[INFO] [stderr]    Compiling heck v0.4.0
[INFO] [stderr]     Checking unicode-segmentation v1.9.0
[INFO] [stderr]     Checking signal-hook-registry v1.4.0
[INFO] [stderr]     Checking mio v0.7.14
[INFO] [stderr]     Checking signal-hook-mio v0.2.1
[INFO] [stderr]     Checking parking_lot v0.12.0
[INFO] [stderr]     Checking crossterm v0.23.1
[INFO] [stderr]    Compiling quote v1.0.18
[INFO] [stderr]    Compiling proc-macro-error-attr v1.0.4
[INFO] [stderr]    Compiling proc-macro-error v1.0.4
[INFO] [stderr]    Compiling serde_derive v1.0.137
[INFO] [stderr]    Compiling clap_derive v3.1.18
[INFO] [stderr]    Compiling option_bool v0.1.0 (/opt/rustwide/workdir/option_bool)
[INFO] [stderr]    Compiling option_number v0.1.0 (/opt/rustwide/workdir/option_number)
[INFO] [stderr]    Compiling option_factory v0.1.0 (/opt/rustwide/workdir/option_factory)
[INFO] [stderr]    Compiling read_option v0.1.0 (/opt/rustwide/workdir/read_option)
[INFO] [stderr]    Compiling option_string v0.1.0 (/opt/rustwide/workdir/option_string)
[INFO] [stderr]     Checking clap v3.1.18
[INFO] [stderr]     Checking serde v1.0.137
[INFO] [stderr]     Checking bincode v1.3.3
[INFO] [stderr]     Checking fim v0.1.1 (/opt/rustwide/workdir)
[INFO] [stdout] error[E0432]: unresolved import `crate::document`
[INFO] [stdout]  --> src/window.rs:5:12
[INFO] [stdout]   |
[INFO] [stdout] 5 | use crate::document::Document;
[INFO] [stdout]   |            ^^^^^^^^ could not find `document` in the crate root
[INFO] [stdout] 
[INFO] [stdout] 
[INFO] [stdout] error[E0432]: unresolved import `crate::document`
[INFO] [stdout]  --> src/window.rs:5:12
[INFO] [stdout]   |
[INFO] [stdout] 5 | use crate::document::Document;
[INFO] [stdout]   |            ^^^^^^^^ could not find `document` in the crate root
[INFO] [stdout] 
[INFO] [stdout] 
[INFO] [stdout] error[E0599]: no function or associated item named `parse_key_event` found for struct `config::Config` in the current scope
[INFO] [stdout]    --> src/config/keybinds.rs:215:24
[INFO] [stdout]     |
[INFO] [stdout] 215 |     assert_eq!(Config::parse_key_event("", 1).err(), Some(BindParseError::MalformedKeyEventTerm));
[INFO] [stdout]     |                        ^^^^^^^^^^^^^^^ function or associated item not found in `Config`
[INFO] [stdout]     |
[INFO] [stdout]    ::: src/config/mod.rs:116:1
[INFO] [stdout]     |
[INFO] [stdout] 116 | pub struct Config {
[INFO] [stdout]     | ----------------- function or associated item `parse_key_event` not found for this struct
[INFO] [stdout] 
[INFO] [stdout] 
[INFO] [stdout] error[E0599]: no function or associated item named `parse_key_event` found for struct `config::Config` in the current scope
[INFO] [stdout]    --> src/config/keybinds.rs:216:24
[INFO] [stdout]     |
[INFO] [stdout] 216 |     assert_eq!(Config::parse_key_event("a", 1).unwrap(), KeyEvent::new(KeyCode::Char('A'), KeyModifiers::NONE));
[INFO] [stdout]     |                        ^^^^^^^^^^^^^^^ function or associated item not found in `Config`
[INFO] [stdout]     |
[INFO] [stdout]    ::: src/config/mod.rs:116:1
[INFO] [stdout]     |
[INFO] [stdout] 116 | pub struct Config {
[INFO] [stdout]     | ----------------- function or associated item `parse_key_event` not found for this struct
[INFO] [stdout] 
[INFO] [stdout] 
[INFO] [stdout] error[E0599]: no function or associated item named `parse_key_event` found for struct `config::Config` in the current scope
[INFO] [stdout]    --> src/config/keybinds.rs:217:24
[INFO] [stdout]     |
[INFO] [stdout] 217 |     assert_eq!(Config::parse_key_event("B", 1).unwrap(), KeyEvent::new(KeyCode::Char('B'), KeyModifiers::NONE));
[INFO] [stdout]     |                        ^^^^^^^^^^^^^^^ function or associated item not found in `Config`
[INFO] [stdout]     |
[INFO] [stdout]    ::: src/config/mod.rs:116:1
[INFO] [stdout]     |
[INFO] [stdout] 116 | pub struct Config {
[INFO] [stdout]     | ----------------- function or associated item `parse_key_event` not found for this struct
[INFO] [stdout] 
[INFO] [stdout] 
[INFO] [stdout] error[E0599]: no function or associated item named `parse_key_event` found for struct `config::Config` in the current scope
[INFO] [stdout]    --> src/config/keybinds.rs:218:24
[INFO] [stdout]     |
[INFO] [stdout] 218 |     assert_eq!(Config::parse_key_event("<Tab>", 1).unwrap(), KeyEvent::new(KeyCode::Tab, KeyModifiers::NONE));
[INFO] [stdout]     |                        ^^^^^^^^^^^^^^^ function or associated item not found in `Config`
[INFO] [stdout]     |
[INFO] [stdout]    ::: src/config/mod.rs:116:1
[INFO] [stdout]     |
[INFO] [stdout] 116 | pub struct Config {
[INFO] [stdout]     | ----------------- function or associated item `parse_key_event` not found for this struct
[INFO] [stdout] 
[INFO] [stdout] 
[INFO] [stdout] error[E0599]: no function or associated item named `parse_key_event` found for struct `config::Config` in the current scope
[INFO] [stdout]    --> src/config/keybinds.rs:219:24
[INFO] [stdout]     |
[INFO] [stdout] 219 |     assert_eq!(Config::parse_key_event("<tab>", 1).err(), Some(BindParseError::MalformedKeyEventTerm));
[INFO] [stdout]     |                        ^^^^^^^^^^^^^^^ function or associated item not found in `Config`
[INFO] [stdout]     |
[INFO] [stdout]    ::: src/config/mod.rs:116:1
[INFO] [stdout]     |
[INFO] [stdout] 116 | pub struct Config {
[INFO] [stdout]     | ----------------- function or associated item `parse_key_event` not found for this struct
[INFO] [stdout] 
[INFO] [stdout] 
[INFO] [stdout] error[E0599]: no function or associated item named `parse_key_event` found for struct `config::Config` in the current scope
[INFO] [stdout]    --> src/config/keybinds.rs:220:24
[INFO] [stdout]     |
[INFO] [stdout] 220 |     assert_eq!(Config::parse_key_event("<C-C>", 1).unwrap(), KeyEvent::new(KeyCode::Char('C'), KeyModifiers::CONTROL));
[INFO] [stdout]     |                        ^^^^^^^^^^^^^^^ function or associated item not found in `Config`
[INFO] [stdout]     |
[INFO] [stdout]    ::: src/config/mod.rs:116:1
[INFO] [stdout]     |
[INFO] [stdout] 116 | pub struct Config {
[INFO] [stdout]     | ----------------- function or associated item `parse_key_event` not found for this struct
[INFO] [stdout] 
[INFO] [stdout] 
[INFO] [stdout] error[E0599]: no function or associated item named `parse_key_event` found for struct `config::Config` in the current scope
[INFO] [stdout]    --> src/config/keybinds.rs:221:24
[INFO] [stdout]     |
[INFO] [stdout] 221 |     assert_eq!(Config::parse_key_event("<C-S-A>", 1).unwrap(), KeyEvent::new(KeyCode::Char('A'), KeyModifiers::CONTROL.union(KeyModifiers...
[INFO] [stdout]     |                        ^^^^^^^^^^^^^^^ function or associated item not found in `Config`
[INFO] [stdout]     |
[INFO] [stdout]    ::: src/config/mod.rs:116:1
[INFO] [stdout]     |
[INFO] [stdout] 116 | pub struct Config {
[INFO] [stdout]     | ----------------- function or associated item `parse_key_event` not found for this struct
[INFO] [stdout] 
[INFO] [stdout] 
[INFO] [stdout] error[E0599]: no function or associated item named `parse_key_event` found for struct `config::Config` in the current scope
[INFO] [stdout]    --> src/config/keybinds.rs:222:24
[INFO] [stdout]     |
[INFO] [stdout] 222 |     assert_eq!(Config::parse_key_event("<C-A-->", 1).unwrap(), KeyEvent::new(KeyCode::Char('-'), KeyModifiers::CONTROL.union(KeyModifiers...
[INFO] [stdout]     |                        ^^^^^^^^^^^^^^^ function or associated item not found in `Config`
[INFO] [stdout]     |
[INFO] [stdout]    ::: src/config/mod.rs:116:1
[INFO] [stdout]     |
[INFO] [stdout] 116 | pub struct Config {
[INFO] [stdout]     | ----------------- function or associated item `parse_key_event` not found for this struct
[INFO] [stdout] 
[INFO] [stdout] 
[INFO] [stdout] error[E0599]: no function or associated item named `parse_key_event` found for struct `config::Config` in the current scope
[INFO] [stdout]    --> src/config/keybinds.rs:223:24
[INFO] [stdout]     |
[INFO] [stdout] 223 |     assert_eq!(Config::parse_key_event("<A-Enter>", 1).unwrap(), KeyEvent::new(KeyCode::Enter, KeyModifiers::ALT));
[INFO] [stdout]     |                        ^^^^^^^^^^^^^^^ function or associated item not found in `Config`
[INFO] [stdout]     |
[INFO] [stdout]    ::: src/config/mod.rs:116:1
[INFO] [stdout]     |
[INFO] [stdout] 116 | pub struct Config {
[INFO] [stdout]     | ----------------- function or associated item `parse_key_event` not found for this struct
[INFO] [stdout] 
[INFO] [stdout] 
[INFO] [stdout] error[E0599]: no function or associated item named `parse_key_event` found for struct `config::Config` in the current scope
[INFO] [stdout]    --> src/config/keybinds.rs:224:24
[INFO] [stdout]     |
[INFO] [stdout] 224 |     assert_eq!(Config::parse_key_event("<S-V>", 1).unwrap(), KeyEvent::new(KeyCode::Char('V'), KeyModifiers::SHIFT));
[INFO] [stdout]     |                        ^^^^^^^^^^^^^^^ function or associated item not found in `Config`
[INFO] [stdout]     |
[INFO] [stdout]    ::: src/config/mod.rs:116:1
[INFO] [stdout]     |
[INFO] [stdout] 116 | pub struct Config {
[INFO] [stdout]     | ----------------- function or associated item `parse_key_event` not found for this struct
[INFO] [stdout] 
[INFO] [stdout] 
[INFO] [stdout] error[E0599]: no function or associated item named `parse_key_event` found for struct `config::Config` in the current scope
[INFO] [stdout]    --> src/config/keybinds.rs:225:24
[INFO] [stdout]     |
[INFO] [stdout] 225 |     assert_eq!(Config::parse_key_event("<S-A-C>", 1).unwrap(), KeyEvent::new(KeyCode::Char('C'), KeyModifiers::SHIFT.union(KeyModifiers::...
[INFO] [stdout]     |                        ^^^^^^^^^^^^^^^ function or associated item not found in `Config`
[INFO] [stdout]     |
[INFO] [stdout]    ::: src/config/mod.rs:116:1
[INFO] [stdout]     |
[INFO] [stdout] 116 | pub struct Config {
[INFO] [stdout]     | ----------------- function or associated item `parse_key_event` not found for this struct
[INFO] [stdout] 
[INFO] [stdout] 
[INFO] [stdout] error[E0599]: no function or associated item named `parse_key_event` found for struct `config::Config` in the current scope
[INFO] [stdout]    --> src/config/keybinds.rs:226:24
[INFO] [stdout]     |
[INFO] [stdout] 226 |     assert_eq!(Config::parse_key_event("<C-S-A-Del>", 1).unwrap(), KeyEvent::new(KeyCode::Delete, KeyModifiers::CONTROL.union(KeyModifier...
[INFO] [stdout]     |                        ^^^^^^^^^^^^^^^ function or associated item not found in `Config`
[INFO] [stdout]     |
[INFO] [stdout]    ::: src/config/mod.rs:116:1
[INFO] [stdout]     |
[INFO] [stdout] 116 | pub struct Config {
[INFO] [stdout]     | ----------------- function or associated item `parse_key_event` not found for this struct
[INFO] [stdout] 
[INFO] [stdout] 
[INFO] [stdout] error[E0560]: struct `WindowLineProperties` has no field named `graphemes`
[INFO] [stdout]    --> src/window.rs:333:38
[INFO] [stdout]     |
[INFO] [stdout] 333 |         WindowLineProperties{ lines, graphemes: rem }
[INFO] [stdout]     |                                      ^^^^^^^^^ `WindowLineProperties` does not have this field
[INFO] [stdout]     |
[INFO] [stdout]     = note: available fields are: `lines`, `cells`
[INFO] [stdout] 
[INFO] [stdout] 
[INFO] [stdout] error: aborting due to 2 previous errors
[INFO] [stdout] 
[INFO] [stdout] 
[INFO] [stdout] Some errors have detailed explanations: E0432, E0560.
[INFO] [stdout] 
[INFO] [stdout] For more information about an error, try `rustc --explain E0432`.
[INFO] [stdout] 
[INFO] [stderr] error: could not compile `fim` (lib) due to 3 previous errors
[INFO] [stderr] warning: build failed, waiting for other jobs to finish...
[INFO] [stdout] error[E0560]: struct `WindowLineProperties` has no field named `graphemes`
[INFO] [stdout]    --> src/window.rs:333:38
[INFO] [stdout]     |
[INFO] [stdout] 333 |         WindowLineProperties{ lines, graphemes: rem }
[INFO] [stdout]     |                                      ^^^^^^^^^ `WindowLineProperties` does not have this field
[INFO] [stdout]     |
[INFO] [stdout]     = note: available fields are: `lines`, `cells`
[INFO] [stdout] 
[INFO] [stdout] 
[INFO] [stdout] error: aborting due to 14 previous errors
[INFO] [stdout] 
[INFO] [stdout] 
[INFO] [stdout] Some errors have detailed explanations: E0432, E0560, E0599.
[INFO] [stdout] 
[INFO] [stdout] For more information about an error, try `rustc --explain E0432`.
[INFO] [stdout] 
[INFO] [stderr] error: could not compile `fim` (lib test) due to 15 previous errors
[INFO] running `Command { std: "docker" "inspect" "83df4454c4ffeb48a786a0cfbc9fab2da4c1dbd79a16cbec2b7e5f0163ad4a64", kill_on_drop: false }`
[INFO] running `Command { std: "docker" "rm" "-f" "83df4454c4ffeb48a786a0cfbc9fab2da4c1dbd79a16cbec2b7e5f0163ad4a64", kill_on_drop: false }`
[INFO] [stdout] 83df4454c4ffeb48a786a0cfbc9fab2da4c1dbd79a16cbec2b7e5f0163ad4a64
